63, 114 = 3*m + i - 47. Calculate the remainder when l is divided by m.
53
Suppose 6*f - 9*f + 72 = 0. Suppose -4*q = -f - 44. What is the remainder when 31 is divided by q?
14
Let z(a) = 5*a - 117. Calculate the remainder when 91 is divided by z(28).
22
Let j = 14 + 14. Suppose -116 = -3*b + j. Let x = b - 19. Calculate the remainder when x is divided by 10.
9
Suppose -3*w = b - 29, 43 + 46 = 5*b + w. What is the remainder when 147 is divided by b?
11
Suppose 4*z = 4*g - 4, 3*g = -3*z + 5 + 4. Let k(l) = 25*l**2 + 2*l - 3. What is the remainder when k(g) is divided by 26?
23
Let d(u) = -u**3 - 2*u**2 - 2*u + 6. Let w be d(-4). Suppose 0 = -6*t + 80 + w. Calculate the remainder when 124 is divided by t.
19
Suppose 25*s - 23*s - 187 = -y, -3*y = -4*s + 399. Suppose -z = 3*z - s. Let b = -66 + 112. Calculate the remainder when b is divided by z.
22
Suppose -10*d = 122 - 42. What is the remainder when 137 is divided by (-56)/(-3)*(-12)/d?
25
Let d(y) = -y**3 + 13*y**2 + 7*y + 42. What is the remainder when d(10) is divided by 52?
48
Let v(i) = i**2 - 3*i + 3. Let j be v(3). Suppose 180 + 64 = j*g - u, 2*g - u - 162 = 0. Calculate the remainder when g is divided by (-8 - -4)*21/(-4).
19
Calculate the remainder when (-3)/(-3) + -6 + 273 is divided by 45.
43
Let m(a) = 18*a**3 - 2*a**2 + 2*a - 1. Let i(f) = f**3 - 10*f**2 + 11*f - 17. Let t be i(9). Calculate the remainder when 64 is divided by m(t).
13
Suppose 0 = -10*n + 174 + 316. What is the remainder when 154 is divided by n?
7
Let b(c) = c**2 + 4*c - 2. Let k be b(-5). Suppose -o + k*n - 1 - 2 = 0, 3*n - 27 = -o. What is the remainder when o is divided by 7?
5
Let u(h) = 10*h**2 + 15*h - 31. What is the remainder when u(2) is divided by 15?
9
Suppose -2*l + 1 + 17 = 0. Calculate the remainder when ((-24)/16)/(l/(-420)) is divided by 24.
22
Let n = 216 - 115. Let b(t) = -5*t + 34. Let j be b(9). Calculate the remainder when n is divided by 2/j + -516*(-21)/308.
31
Let j be (1 + -12)*(-5)/(10/4). Suppose 2*s = 13*s - j. Calculate the remainder when 5 is divided by s.
1
Calculate the remainder when 24/(-108) + (-5)/(135/(-7782)) is divided by 10.
8
Let i(g) be the second derivative of g**4/6 - g**3/6 + 5*g**2/2 - 21*g. Calculate the remainder when i(5) is divided by 9.
5
Let w(v) = -v**3 + 5*v**2 + 7*v + 8. Let a = -61 + -19. Let n = 134 + a. What is the remainder when n is divided by w(6)?
12
Suppose 33*m - 587 = 32809. Calculate the remainder when m is divided by 35.
32
Let d(v) = v**2 - 8*v + 7. What is the remainder when ((-141)/188)/((-1)/24) is divided by d(8)?
4
Let g = 5 - -12. Let c be 5/6*(10 - 4). Suppose o - 5*j + 5 - g = 0, -c*o - 2*j + 141 = 0. What is the remainder when 105 is divided by o?
24
Let l(o) = 30*o**2 + 69*o + 135. Suppose 0 = 4*f, -4*j + 75 = j + 4*f. What is the remainder when l(-2) is divided by j?
12
Let j(c) = 3*c**2 + 96*c + 82. Calculate the remainder when j(-32) is divided by 29.
24
Suppose 251*m - 259*m + 2096 = 0. Calculate the remainder when m is divided by 44.
42
Let u be (-1)/(4/16*4). Let q be -3 + u + 0/(-3). Calculate the remainder when 38 is divided by 6/q*156/(-18).
12
Let p = -14 - -17. Suppose 0*h = -3*h - 2*y + 4, 6 = -2*h + p*y. Calculate the remainder when 6 is divided by -2 + h + (-78)/(-13).
2
Let r(x) = 2*x**2 - 58*x + 53. What is the remainder when 417 is divided by r(29)?
46
Suppose 2*r - 4*z + 14 = 4*r, -3*r = 2*z - 25. Suppose -124 = r*q - 13*q. What is the remainder when 277 is divided by q?
29
Suppose 210 = -7*o + 17*o. What is the remainder when o is divided by 7?
0
Let g(a) = a**3 + 7*a**2 - 3*a - 8. Calculate the remainder when 232 is divided by g(-5).
4
Suppose 0 = 3*n - 2*n. Let m(f) = -f**3 + f**2 - f - 5. Let k be m(n). Let t = k + 14. What is the remainder when 15 is divided by t?
6
Suppose 3*i - 1 = 5*s, -5*s - 2*i + 0 + 9 = 0. Suppose 0 = 5*t - 0*t - 65. Calculate the remainder when (3/6)/(s/100) is divided by t.
11
Let t = -49 + 105. Calculate the remainder when 378 is divided by t.
42
Let a = -49 - -47. Calculate the remainder when (1 - 2) + (-160)/(-3 + a) is divided by 11.
9
Let o = 730 - 702. Suppose 4*l + 3*y + 0*y = 201, 3*y = -15. What is the remainder when l is divided by o?
26
Suppose 0*r = 2*r + 18. Suppose j + 0 = 3. Calculate the remainder when j is divided by (r - -9) + (-1 - -4).
0
Let u(h) be the third derivative of h**5/4 + h**4/12 + h**3/6 - h**2. Calculate the remainder when u(-2) is divided by 31.
26
Let f be -1*3*(7 + -8). Suppose -f*r + 53 = 11. What is the remainder when 165 is divided by r?
11
Suppose 0*d + 40 = 4*d. What is the remainder when (-32)/(-64) - 190/(-4) is divided by d?
8
Suppose -5*l - 142 + 417 = -2*s, 4*l + 2*s - 220 = 0. Calculate the remainder when 109 is divided by l.
54
Suppose 5*n - 2*j = 4*n + 5, -3*j + 12 = 0. Suppose -3*r - 3*r + 12 = 0. Calculate the remainder when 4 + r + 37 + 7 is divided by n.
11
Suppose -49*f + 39*f + 460 = 0. What is the remainder when 90 is divided by f?
44
Let q = -1239 - -1276. What is the remainder when 72 is divided by q?
35
Suppose 5*p - 111 = -2*a, -5*p - a = -p - 87. Suppose -z + 0*z = 4*h - p, 3*h - 9 = 0. Let f = 26 - 11. What is the remainder when f is divided by z?
6
Let h(i) = -3*i + 13 - 4*i - 2*i + i**2 + i. Let j be h(6). Suppose -j = b - 3, 0 = -3*z + 5*b + 20. Calculate the remainder when 38 is divided by z.
8
Let q = 26 - -18. Let u = -33 + q. Let r(v) = v**3 + v**2 - v + 3. Calculate the remainder when u is divided by r(0).
2
Suppose 13*g = -2*l + 10*g + 487, 3*g = -5*l + 1204. Calculate the remainder when l is divided by 8.
7
Let i(k) = -k**3 + 4*k**2 + 3*k - 3. Let q(s) = -s**2 + 6*s + 33. Let o be (-4)/14 + 1 + 255/35. What is the remainder when q(o) is divided by i(4)?
8
Suppose 2*t + 3*x - 22 = 0, t - 2*x = 4*t - 23. What is the remainder when ((-52)/39)/(-4)*(20 + 1) is divided by t?
2
Let q(i) = -i + 5. Let o be q(8). Let f(j) = j**2 + j + 1. Suppose -93 = -5*n + w, -n + w = -w - 15. What is the remainder when n is divided by f(o)?
5
Let m(q) = -2*q**3 + 2*q**2 - 2*q - 3. Suppose 5*x + 3 + 7 = 0. Calculate the remainder when 49 is divided by m(x).
24
Let p = 197 - 109. What is the remainder when p is divided by 15?
13
Suppose -l + 34 = -52. Let a(b) = b**3 - 5*b**2 - 6*b - 5. Let f be a(6). What is the remainder when l is divided by (-1)/((10/58)/f)?
28
What is the remainder when (-3 - (-38)/10)/(2/170) is divided by 52?
16
Suppose c - 2*c - 47 = h, 4*h = 3*c + 120. Let d = -27 - c. What is the remainder when 61 is divided by d?
10
Let j(u) = -u + 10. Suppose -r - 4*l = -8, r - 3*r + 5*l - 10 = 0. What is the remainder when 35 is divided by j(r)?
5
Suppose 11 - 1 = m - x, 5*x + 11 = 2*m. Calculate the remainder when (15/10)/((-6)/(-152)) is divided by m.
12
Suppose -33*y = 19*y + 7*y - 885. Suppose -5*v + 275 = s, -4*v = -s - s - 220. What is the remainder when v is divided by y?
10
Let p = 14 - 10. Suppose -4*b + 28 = -0*b - p*l, -35 = -5*b + 3*l. Let v = b - -13. What is the remainder when v is divided by 7?
6
Let x(p) = 4*p**3 - 2*p**2 + 13*p - 20. What is the remainder when 44 is divided by x(2)?
14
Let j = -72 + 92. What is the remainder when (j/(-30))/((-2)/333) is divided by 7/((-6)/8 + 1)?
27
Let o(l) = 43*l + 29. Calculate the remainder when o(3) is divided by 23.
20
Suppose -3*t + 9*t = 222. Suppose -2*z = -9 - t. What is the remainder when z is divided by 6?
5
Let v(r) = -52*r**3 - r**2 - 9*r - 8. What is the remainder when v(-1) is divided by -2 + (1 - 0) + 28?
25
Suppose -3*g + 2084 = 5*c, 5 = 8*c - 3*c. Calculate the remainder when g is divided by 24.
21
Suppose 14 = -5*z + 39. Calculate the remainder when 44 is divided by z.
4
Let r = -48 - 82. What is the remainder when ((-12)/(-5))/((-3)/r) is divided by 15?
14
Suppose -5*c - 7 + 32 = 0. Suppose 7 = c*b - 18. Suppose 0*q + b*q - 255 = 0. What is the remainder when q is divided by 18?
15
Suppose 4*c + 2*c = -192. Let a = -7 - c. Calculate the remainder when a is divided by 7.
4
Suppose -c + 2 = -0*c. Suppose -6 + 2 = l, -b = -c*l - 26. Let a = -728 + 797. What is the remainder when a is divided by b?
15
Let f(t) = 8*t**2 + 5*t - 5. Let d be f(1). Let b(i) = i**2 - 10*i + 32. What is the remainder when 31 is divided by b(d)?
15
Let d(t) = -28 + 31 - 3*t - t + 3*t.